5 - 2)).
1
2 + 2 + (0 - 9) - -2
-3
Calculate -2 + 22 + -10 + -4.
6
Evaluate -8 - (-14 + 4) - (0 + 2).
0
2 + 0 - (-1 + 3)
0
1 + -4 + 5 + 1
3
0 - -1 - 3 - -7
5
-8 - (-8 - (-5 + 2) - 0)
-3
-3 - 0 - (0 - (0 - -2))
-1
2 + 1 + 2 + 0
5
19 - 21 - (-1 + 1 + -3)
1
What is the value of -7 - (-2 + 7 + -3 - 4)?
-5
What is the value of -8 - (-7 + 6 + 0)?
-7
1 - (2 - ((4 - 3) + 1))
1
What is (-2 - 6) + -3 - (2 - 6)?
-7
Calculate 0 + 10 + -2 + 0.
8
Evaluate 0 + 3 + -1 + 3 + -1.
4
What is the value of 5 + -2 + 0 - 6?
-3
Calculate -2 - -4 - 4 - (14 - 19).
3
Evaluate 2 + (-2 - -4) - (-18 + 16).
6
What is -1 + (6 + -8 - 0)?
-3
Evaluate 12 + 4 + -7 + -4.
5
What is the value of 26 - 11 - 10 - 8?
-3
-1 + -1 + 4 + 3
5
Evaluate -4 - 0 - -7 - 3.
0
-16 - (-10 + (10 - 10))
-6
Calculate 4 - (6 - (-1 + -9) - 7).
-5
-2 + 1 - 2 - (-1 - 5)
3
3 + -7 + 1 + -2
-5
Evaluate 1 - (-9 + 5 + 7 - 2).
0
Evaluate 5 - 10 - (0 + 0 + -2).
-3
Evaluate (3 - -3) + -9 + -1.
-4
What is 7 - (7 + 0 - 4)?
4
What is 2 + -2 + 2 - (-2 + 3)?
1
Calculate 9 + -15 + -3 - -1.
-8
What is 6 + (2 + -12 - -4) - -5?
5
Calculate 10 + (9 - 15) + -7.
-3
What is the value of (-4 + -3 - (5 - 11)) + 1?
0
What is the value of -4 + 4 + -10 + 0 - 1?
-11
What is the value of 6 + -13 + 4 - -5?
2
Calculate 70 + -66 - (1 + -1).
4
Evaluate -49 + 46 - (-5 - -1 - -1).
0
What is (-33 - -48) + (-18 - -1)?
-2
What is -2 - (3 + 11 + -9)?
-7
What is the value of (-1 - 0) + 4 + (-4 - -2)?
1
-11 + 2 + 3 + 11 + 2
7
Evaluate -1 - ((-3 - 2) + 3).
1
Calculate (-3 - 1) + 5 + (1 - -2).
4
Calculate 0 - ((-5 - 8) + 5 + 3).
5
What is 3 + (7 - 8) + (0 - 1)?
1
Evaluate -2 - -4 - 8 - -4.
-2
-28 + 33 + (-3 - -1)
3
Evaluate (-4 - -2 - -3) + (-5 - -5).
1
Evaluate 4 - ((2 - 4) + (1 - 0)).
5
What is the value of (0 - -6) + (-15 - -8 - -8)?
7
What is the value of -3 - (0 + (-2 - 2))?
1
(2 - (9 - 6)) + 0
-1
(-3 - -3 - 2 - 3) + 4
-1
Calculate -4 - 1 - (-5 + 15 + -14).
-1
What is the value of -1 + (-7 - (0 - 6))?
-2
What is -5 - ((-4 - -3) + -1)?
-3
Calculate -69 + 75 - (-2 - -1).
7
What is -26 - -16 - (-2 - 3 - 1)?
-4
What is the value of 7 - 5 - (-1 + 0)?
3
5 + (1 - (-2 + 9)) + 2
1
Evaluate 3 + -8 + -2 + 4.
-3
What is the value of 2 + (2 - (-3 - -7))?
0
What is (-3 - 4) + (2 - 12 - -10)?
-7
Evaluate (4 - (3 + 6)) + (3 - 2).
-4
What is 1 + (-10 - 1) - (132 + -137)?
-5
Calculate 2 - (1 - (0 + 2)).
3
What is -1 + (8 - 5) + -10?
-8
What is 2 + (-3 + 1 - -1 - 2)?
-1
(16 - (-1 - -3)) + (-5 - 2)
7
Evaluate (-1 - -1) + 3 - (4 - 2).
1
-3 + (-1 - -2) - (-2 + -5)
5
What is the value of 5 - (7 + -5 - 2)?
5
Evaluate -10 - (5 + 5 - 8 - 4).
-8
Calculate -5 + -3 + 11 + -9.
-6
-7 + 6 + -1 + 2
0
Calculate (-1 - (-4 - 0)) + (-35 - -35).
3
-3 + -2 - (-18 + (-16 - -38))
-9
Evaluate 1 + (20 - 5 - 3 - 3).
10
Calculate -5 + 2 + 4 + 4.
5
What is (31 - 30) + (0 - 7)?
-6
-7 + 4 + (2 - -2)
1
What is 19 + -19 + -8 + 1?
-7
What is 1 + (-3 - (-4 + -4 + 5))?
1
What is 3 + (6 - 5 - -6 - 5)?
5
(-11 - -13) + -10 - -13
5
Evaluate -6 - (-3 - -4 - (0 + 3)).
-4
-8 - (-5 - 14) - 5
6
Calculate 2 - 0 - (12 + -10 - 8).
8
Calculate -5 - (2 + -1 + -4).
-2
What is (0 - (4 - 9)) + 0?
5
Calculate 0 + 4 - (11 + -13).
6
Evaluate 2 + -1 + (11 - (2 + 3)).
7
What is the value of 2 + (-4 - -9) + (8 - 10)?
5
Calculate 4 + (0 + -4 - (-3 - 2)).
5
What is the value of (2 - -1) + (-19 - -22)?
6
What is 1 + 2 + -9 + 9 - -1?
4
Evaluate 5 + (2 - (4 - 4)) + 0.
7
4 - 8 - (6 - 9)
-1
What is 7 - (-9 - (-3 + -13)) - 5?
-5
What is the value of -1 - 1 - (-15 + 1 + 14)?
-2
-33 + 23 - (1 + -11)
0
-11 - (19 - 13 - 15)
-2
(-2 - -7) + -16 + 15 + -3
1
What is -1 - (-6 - (1 + -8 - -4))?
2
What is the value of -4 + (7 - (-4 + (-2 - -8)))?
1
0 - -5 - (2 + 0) - 0
3
What is 2 + 0 + (-3 - (3 - -1))?
-5
Calculate (-2 - 5 - 0) + 7.
0
What is 100 + -97 + (-2 - (1 - -1))?
-1
What is the value of -3 - -3 - (-1 + -4) - 0?
5
What is 5 + 3 + (-2 + 7 - 16)?
-3
What is the value of 1 + (4 - 3) - 3?
-1
What is 4 + (1 - (7 + -5) - -4)?
7
What is the value of 1 + -1 + -1 - 0?
-1
Evaluate (-31 - -14) + 13 + -3.
-7
(-48 - -49) + 3 + 1 + 0
5
What is the value of -2 + 5 + -6 + 3?
0
What is -1 - 0 - (-3 - (4 + -4))?
2
Calculate -3 + 4 + 1 + 3.
5
(0 - -1) + (4 - 5)
0
Calculate 21 + -10 + -11 + 1 + -1.
0
Evaluate 12 + (-10 - -2) + -3 + 8.
9
What is the value of -1 - (-9 + 7 + 10)?
-9
What is the value of 63 + -57 - (0 + 0 + 0)?
6
What is the value of (1 - (-5 + -2 - -3)) + -4?
1
(0 - 3) + (6 - 4) + 5
4
(2 - -2) + (-1 - (0 + 0))
3
Calculate 1 + -4 - (-7 + 3 + -6).
7
Calculate -4 - (11 + -14 + (-2 - -1)).
0
Evaluate (3 - 0) + (-2 - 0) - -3.
4
What is the value of (0 - 3) + (3 - -1)?
1
0 - (3 - 2 - 0)
-1
What is the value of 1 + -3 + -2 + -3 + 2?
-5
(5 - (5 - -1)) + 0
-1
Calculate -3 - (0 - 7 - 0).
4
Evaluate 0 - (0 + 0 - 2).
2
What is the value of 3 + 4 + -2 + 0?
5
Calculate -12 + 2 + (-1 - -21 - 15).
-5
Evaluate -1 + -1 + 26 + -20.
4
Calculate 17 - 14 - ((0 - 1) + 2).
2
Evaluate 0 - (19 - 6 - 7).
-6
What is the value of 0 + 1 + -3 + 2 - 5?
-5
(-9 - (2 + -1 - 4)) + 4
-2
Calculate (4 - 6 - 10) + 3.
-9
What is -5 - -1 - ((1 - -7) + -16)?
4
What is the value of -3 - (4 + -11) - 2?
2
What is the value of 10 - (-2 + 5) - 3 - 2?
2
6 - (5 + 5 + -2)
-2
What is the value of -1 + 13 + 6 + -15?
3
0 + -1 - (78 - 76)
-3
Calculate 0 - (0 - 1) - -4.
5
What is -6 + 3 + 0 + -1 + -1?
-5
What is the value of -9 - -12 - (-2 - -8)?
-3
-5 + 4 + 1 + -1 + -1
-2
Evaluate 1 - 3 - (-31 + 30).
-1
What is the value of 7 - (9 + 1 - 7 - 3)?
7
What is the value of (-9 - (-11 + -13)) + -12?
3
What is 2 - (-12 + 0 - -24)?
-10
What is -1 - -5 - (0 + (-2 - -5))?
1
(-12 - (-11 - 0)) + 7 + 0
6
(2 + 7 - 9) + 8
8
Calculate -5 + 0 + (-57 - -67).
5
Calculate 3 + 2 + 0 + -4.
1
Calculate (6 - 15) + -11 + 12.
-8
Calculate -18 + (-1 - -13) + 0 + 0.
-6
What is (-5 - 0 - -2) + -4 + 3?
-4
(-6 - -5) + (4 - 3)
0
Evaluate 0 + (13 + -2 - 5) - 3.
3
-62 - -63 - (1 - -7)
-7
What is (0 - -3) + (-3 - -4)?
4
Evaluate 2 - 3 - (2 + (0 - 6)).
3
Calculate -6 + (-2 - (-9 + -6)).
7
What is -2 - -5 - (-2 - -3) - -3?
5
11 + (2 - 8) - 7
-2
Evaluate -9 + 13 + -5 - 1.
-2
Evaluate 1 + (-4 - -7) + -3 + -4.
-3
Calculate -2 + (21 - (16 - 6)).
9
Evaluate 85 + -77 + (0 - (-1 - -3)).
6
Evaluate -1 + 2 - 3 - (1 + -2).
-1
-16 - (8 + -11 + 1 + -6)
-8
What is the value of 3 + (8 - (-2 + 15))?
-2
What is -1 - (2 - 2) - (9 - 5)?
-5
What is -16 - -13 - (-13 - -1 - -2)?
7
11 - ((8 - -5) + -9)
7
-3 + 14 - 6 - (1 - -5)
-1
Evaluate 1 - -5 - 1 - 10.
-5
Calculate -6 - (-6 - (3 + -5)).
-2
What is 9 + (-1 + 8 - 15)?
1
-6 - (-4 - (-3 + 3))
-2
What is 8 + -7 + (7 - 11)?
-3
What is (-4 - (-8 + -5)) + (-6 - -4)?
7
1 + -3 + -6 + 2 + 0
-6
What is (3 - 13) + (3 - (3 + -4))?
-6
Evaluate (-10 - -7 - 8) + 10.
-1
Evaluate -2 + -5 + (4 - -1).
-2
What is the value of 4 + -2 - ((5 - 9) + 8)?
-2
-5 + (4 + -2 - -1)
-2
-6 + 3 - (-14 - -6) - 6
-1
Evaluate (6 - (4 + 0)) + 0 + -4.
-2
What is the value of 9 + (-2 - 2) + -11?
-6
Calculate 2 + (0 - -6) - 3.
5
What is the value of -2 + (6 - 8) + 14?
10
What is (-1 - 1) + 12 + -13?
-3
Evaluate (-6 - 4) + (-2 - -7).
-5
What is 1 + (-4 - -9) + -1 + -9?
-4
Calculate (-14 - (-18 - -11)) + (7 - -1).
1
What is the value of -3 + 0 - (-4 + 10)?
-9
Calculate -6 + (11 + -7 - 0).
-2
Evaluate (1 - 0) + -5 - (-4 - -1).
-1
What is the value of -62 - -72 - (-2 - -5)?
7
Evaluate 6 + (-6 - 0) + 4.
4
Calculate 2 - (0 + (1 - -4)).
-3
1 + (-7 - -2 - -3)
-1
3 + 3 - (1 + 0) - 1
4
What is -4 + -2 + 0 + 5?
-1
Evaluate 47 + -59 + (0 - -5).
-7
0 - 8 - -12 - 9 - -13
8
Calculate (0 + -4 + 7 - -3) + -9.
-3
Evaluate 3 + 2 - (-1 - 1).
7
Evaluate -11 + (-4 - -1 - -10).
-4
What is the value of 5 + (-1 - -3 - -1) + -12?
-4
What is -11 - (3 + -8 + -7)?
1
Evaluate 5 - (3 + 5 + 2).
-5
Evaluate -1 - (0 + -3 - 1) - 0.
3
2 + 7 + -1 - 5
3
-6 + (12 - (6 - 9 - 1))
10
Calculate 0 - (0 + 0) - 2.
-2
What is 2 + 5 + -1 + -8 - -3?
1
What is 4 + -2 - (-4 + 1 + 0)?
5
6 - (3 - (1 + 1) - -1)
4
Evaluate -2 + -1 + -51 + 59.
5
Calculate (-3 - -6) + (-3 - -1) - -1.
2
(-10 - 0) + (-26 - -31)
-5
What is the value of (-7 - -5) + 1 - 0?
-1
2 + -4 + 4 + 3
5
Evaluate 2 + (-1 - -4 - 0).
5
What is -13 - -14 - (-4 + 2 - 0)?
3
Calculate -1 + (5 - (5 + 4)).
-5
Calculate 4 - ((2 - -5) + -4).
1
What is the value of (6 - ((6 - -5) + 1)) + -1?
-7
Calculate -6 - (2 - (-3 + 8)).
-3
Ca